divided by b.
26
Suppose -6 = -2*h + h. Suppose 4*o = 3*c - 9, c + 2*o = -c + h. Suppose -2*v = 3*v - 20, 0 = c*x + 2*v - 53. Calculate the remainder when 44 is divided by x.
14
Let q(k) be the first derivative of -3*k**2 - 8*k + 2. What is the remainder when q(-13) is divided by 12?
10
Let w = -469 - -495. What is the remainder when 105 is divided by w?
1
Suppose -12*s + 166 = -134. Calculate the remainder when 622 is divided by s.
22
Calculate the remainder when -9*(-34)/1683 - 4541/(-11) is divided by 14.
7
What is the remainder when 225 is divided by (216/20)/((-75)/(-500))?
9
Calculate the remainder when 175 is divided by (-6)/7*(-29)/((-348)/(-56)).
3
Suppose -p = -4*g - 7 - 38, 4*p = 5*g + 202. Calculate the remainder when p is divided by 8.
5
Let y = 156 + -55. Calculate the remainder when 807 is divided by y.
100
Suppose 9*u + 20 = 11. What is the remainder when 42 is divided by -7 + 31 + (-2 - u)?
19
Let i(x) = 15*x + 793. Calculate the remainder when 214 is divided by i(-52).
6
Calculate the remainder when 28 is divided by (-32 - -20)*8/(-6).
12
Let t = 6 - 2. Suppose -2*a + 3 = 4*p - 1, t = -2*a. Suppose 5*u = p*u + 90. Calculate the remainder when u is divided by 16.
14
Let w(g) = g**3 + 13*g**2 + 12*g - 6. Let d(b) = b**2 - 2*b - 12. Let m be d(0). Let h be w(m). What is the remainder when 16 is divided by 74/8 - h/(-24)?
7
Suppose 5*h + 204 = -66. Let y = h - -99. Suppose 2*j = -2*j + 92. Calculate the remainder when y is divided by j.
22
Let s(o) = -2*o**2 + 9*o + 2. Let q be s(5). Calculate the remainder when 43 is divided by (q - 5)*-1 + 0 + 1.
7
Let n = 89 + -83. Suppose -18*z + 20*z = n. Calculate the remainder when z is divided by 3.
0
Let z(x) = -8*x**2 - 6 + 4*x**3 + 4*x + 2*x**2 - x**3 - 5*x**3. Calculate the remainder when z(-5) is divided by 5.
4
Let z(d) = -d + 18*d**2 + 2*d - 1 + 0*d - 3*d. What is the remainder when -1*(-34 - (1 - -2)) is divided by z(-1)?
18
Let f = -42 - -77. Calculate the remainder when (-4)/16 + (-549)/(-4) is divided by f.
32
Let x = -37 + 41. Suppose 0 = -0*k + 2*k - 3*o - 48, -x*o = 3*k - 38. What is the remainder when k is divided by 5?
3
Let m = -1162 + 1441. Calculate the remainder when m is divided by 68.
7
What is the remainder when 134 is divided by 780/(-273)*(-7 - 0)?
14
Suppose -5*q + 163 = -d, q - 64 = -q + d. Let u = -19 + q. Let a = u + -12. Calculate the remainder when 3 is divided by a.
1
Suppose -98 + 51 = -n - 4*z, 0 = -2*z. Calculate the remainder when 167 is divided by n.
26
Let m be ((-6)/(-15))/(-1)*-5. Suppose 0 = 3*i + g + 8, 2*i - m*g = 6*i + 12. What is the remainder when 33 is divided by (-1)/(i/(-3))*-12?
15
Suppose 15 + 2 = q + 2*d, -3*q + 56 = d. Calculate the remainder when 3 + -1 - 192/(-3) is divided by q.
9
Let w = 796 - 760. Calculate the remainder when w is divided by 13.
10
Let j(i) = -7*i. Let n(l) = l**2 - 3*l - 2. Let z be n(3). What is the remainder when 26 is divided by j(z)?
12
Let x(l) = l**3 - 14*l**2 + 14*l + 9. What is the remainder when 62 is divided by x(13)?
18
Suppose -272 + 32 = -6*c. What is the remainder when 70 is divided by c?
30
Let w(d) = -4*d - 2. Let f be w(-2). Suppose f*u - 200 = 2*u. Calculate the remainder when u is divided by -26*5/(-20)*2.
11
Let m(v) = 4*v - 2. Calculate the remainder when 84/168 + (0 - (-53)/2) is divided by m(2).
3
Let s(u) = u**2 - 11*u - 33. What is the remainder when 283/8 - (-39)/(-104) is divided by s(14)?
8
Let d = 3 - -3. Let c(w) = -5*w**2 + 10*w + 4. Let g(k) = 4*k**2 - 9*k - 4. Let j(b) = -3*c(b) - 4*g(b). What is the remainder when 14 is divided by j(d)?
2
Let s = 269 - 182. Calculate the remainder when s is divided by 24.
15
Suppose 5*n + 5 = 20. Let z(g) = 3*g**3 + 4*g**2 - 2*g + 2. Calculate the remainder when z(n) is divided by 23.
21
Suppose 2*p + 2*p = 2*f - 48, f = 5*p + 15. Suppose -f = -g + 9. Let k(h) = 8*h - 30. Calculate the remainder when g is divided by k(5).
9
Suppose -7*y + 10*y = -a + 172, 5*y = 10. Calculate the remainder when a is divided by 9.
4
Suppose 5*f = -2*t + 10 + 59, 0 = 5*t - 3*f - 188. Calculate the remainder when 61 is divided by t.
24
Let o = 29 - 20. Suppose g + 3*m = 9, -2*m = -2 - 2. Calculate the remainder when g/9*(-297)/(-3) is divided by o.
6
Let b(t) = 33*t - 809. Calculate the remainder when b(45) is divided by 336.
4
What is the remainder when ((-195)/60)/(2/(-120)) is divided by 25?
20
Let h = 0 - -1. Let l(w) be the third derivative of -w**5/30 + 5*w**4/12 + w**3/3 - 38*w**2. What is the remainder when l(5) is divided by h?
0
Suppose -2*w = -3*x + 108, -x - 5*w + 53 = x. What is the remainder when 406 is divided by x?
32
Suppose 3*b - 278 = -5*d, 5 = -7*d + 6*d. What is the remainder when b is divided by 13?
10
Suppose 0 = -7*g + 12*g - 245. Calculate the remainder when g is divided by (-76)/(-19) + 0 + 0/(-2).
1
Let j(r) = r**2 - 16*r + 51. Calculate the remainder when 117 is divided by j(13).
9
Suppose 0 = -19*c - 27*c + 3128. Suppose 4 = a, 2*q + 0*q + 4*a = 52. What is the remainder when c is divided by q?
14
What is the remainder when 106 is divided by (76 + -2)*(-26)/(-52)?
32
Let d = -433 - -1072. Let i = d - 420. Calculate the remainder when i/2*(-8)/(-12) is divided by 25.
23
Let y(x) = -x**3 + 12*x**2 - 12*x + 16. Let p(j) = -2*j**3 + 13*j**2 - 5*j + 5. Let w be p(6). What is the remainder when 17 is divided by y(w)?
2
Let x be (-7452)/(-126) - 1/7. Suppose 57*l + 94 = x*l. Calculate the remainder when l is divided by ((-8)/(-5))/(1/10).
15
Suppose -43 = -4*k + 5. Suppose 3*g + 3*j - 24 = 4*j, -k = 4*j. Suppose 4*o + g = 5*q - 30, 3*q = 2*o + 21. Calculate the remainder when 8 is divided by q.
3
Let n(b) be the third derivative of b**5/6 + 5*b**4/24 + 6*b**2. Calculate the remainder when n(-2) is divided by 8.
6
Let d be 9/45 - (-3)/(15/14). Suppose g - d*g = -22. What is the remainder when 1 + (-1 - -2) - -40 is divided by g?
9
Calculate the remainder when 273 is divided by 1300/(-26 - -13)*3/(-5).
33
Suppose c - p - 22 = 0, 2*c + 3*c - 75 = -2*p. What is the remainder when c is divided by (-27)/6*(4 + -1 - 5)?
8
Let d(n) = -n**3 + 9*n**2 + 12*n + 4. Let b be 13 + 5/((-5)/3). Suppose -3*o - 1 + 13 = 0, -3*g = -5*o - 265. Calculate the remainder when g is divided by d(b).
23
Suppose 3*l = 4*l. Let i = l + -12. Let o(d) = -d + 6. What is the remainder when 52 is divided by o(i)?
16
Suppose 0 = -3*z + 53 + 37. Suppose q - z = 66. Calculate the remainder when q is divided by 20.
16
Calculate the remainder when 70 is divided by 2 - (7*(6 - 10) - 0).
10
Calculate the remainder when 47 is divided by 15 - (-7)/(-14)*-2.
15
Let j = 32 - -28. Calculate the remainder when j is divided by 33.
27
Let u(c) = 42*c + 5. Let r be u(3). What is the remainder when 0/(-3) + -2 + r is divided by 44?
41
Let i = -1199 - -1222. Calculate the remainder when 495 is divided by i.
12
Let c be 3/(-4) + 75/20. Let h be (-6)/(4/(-8)*c). Let v(i) = -i**2 + 9*i - 9. Calculate the remainder when 20 is divided by v(h).
9
Let x(v) = 3*v**2 - 4*v + 5. Let y(a) = -a**2 - 1. Let q(f) = x(f) + 2*y(f). Let n be q(4). Suppose -2*l = -l - n. What is the remainder when l is divided by 3?
0
Suppose 18 = f + 8*f. Suppose f*h - 402 = -h. What is the remainder when h is divided by 34?
32
Calculate the remainder when 103 is divided by 3/(-18) + 1064/48.
15
Let q be 4 - (2/6)/((-2)/18). Suppose -4*k - 129 = -q*k. Calculate the remainder when 128 is divided by k.
42
Suppose 0 = -2*x - 2*j - 2, 4*x = -3*j - 2 - 0. Let u be (x + -1)/(2 - 1). Suppose u*n + 96 = 3*n. Calculate the remainder when n is divided by 17.
15
Calculate the remainder when (-15)/(((-276)/(-48))/(-23)) is divided by 23.
14
Let y(u) = 16*u - 1. Let f = -533 + 617. What is the remainder when f is divided by y(1)?
9
Let d(y) = y**3 - 7*y**2 + 6*y - 17. Let c be d(7). Let h(f) = 2*f**2 - 49*f - 2. Calculate the remainder when 66 is divided by h(c).
20
Suppose a + 16 = 3*w, -5*w + 4 + 16 = 0. Let g(k) = k**2 + 3*k + 4. What is the remainder when 0 + (3 - (-2 - 9)) is divided by g(a)?
6
Suppose 0 = -i + 2*i. Let f(y) = 6*y**2 + 16*y - 34. Let p(u) = -u**2 - 3*u + 7. Let h(r) = 2*f(r) + 11*p(r). What is the remainder when 26 is divided by h(i)?
8
Let o = 18 + 16. Let s(p) = -2*p**2 - 9*p + 2. Let a be s(-4). Suppose -8*y = -a*y